{"id":313,"date":"2019-10-21T15:51:29","date_gmt":"2019-10-21T15:51:29","guid":{"rendered":"http:\/\/webnroll.es\/linde\/?page_id=313"},"modified":"2020-04-27T16:25:48","modified_gmt":"2020-04-27T16:25:48","slug":"adopcion","status":"publish","type":"page","link":"https:\/\/centropsicologicolinde.com\/index.php\/adopcion\/","title":{"rendered":"Adopci\u00f3n"},"content":{"rendered":"<p>[vc_row css_animation=\u00bb\u00bb row_type=\u00bbrow\u00bb use_row_as_full_screen_section=\u00bbno\u00bb type=\u00bbfull_width\u00bb angled_section=\u00bbno\u00bb text_align=\u00bbleft\u00bb background_image_as_pattern=\u00bbwithout_pattern\u00bb css=\u00bb.vc_custom_1574847956784{margin-top: 20px !important;margin-bottom: 20px !important;}\u00bb z_index=\u00bb\u00bb][vc_column width=\u00bb2\/3&#8243;][vc_row_inner row_type=\u00bbrow\u00bb type=\u00bbfull_width\u00bb text_align=\u00bbleft\u00bb css_animation=\u00bb\u00bb][vc_column_inner width=\u00bb1\/2&#8243;][vc_single_image image=\u00bb461&#8243; img_size=\u00bb64&#215;53&#8243; alignment=\u00bbcenter\u00bb qode_css_animation=\u00bb\u00bb][vc_empty_space][vc_column_text]<\/p>\n<h3 style=\"text-align: center;\">Asesoramiento preadoptivo:<\/h3>\n<p>[\/vc_column_text][vc_empty_space][vc_column_text]Toma de decisi\u00f3n de adoptar, proceso de preparaci\u00f3n, formaci\u00f3n y espera de la llegada del menor, el primer encuentro y la llegada a casa.[\/vc_column_text][vc_empty_space][vc_single_image image=\u00bb461&#8243; img_size=\u00bb64&#215;53&#8243; alignment=\u00bbcenter\u00bb qode_css_animation=\u00bb\u00bb][vc_empty_space][vc_column_text]<\/p>\n<h3 style=\"text-align: center;\">Intervenci\u00f3n psicol\u00f3gica familiar:<\/h3>\n<p>[\/vc_column_text][vc_empty_space][vc_column_text]Asesoramiento y formaci\u00f3n a las familias, intervenci\u00f3n individual, tanto de los familiares como del menor.[\/vc_column_text][\/vc_column_inner][vc_column_inner width=\u00bb1\/2&#8243;][vc_single_image image=\u00bb461&#8243; img_size=\u00bb64&#215;53&#8243; alignment=\u00bbcenter\u00bb qode_css_animation=\u00bb\u00bb][vc_empty_space][vc_column_text]<\/p>\n<h3 style=\"text-align: center;\">Asesoramiento postadoptivo:<\/h3>\n<p>[\/vc_column_text][vc_empty_space][vc_column_text]Construir familia, abordaje de los miedos y los cambios, primeras dificultades.[\/vc_column_text][vc_empty_space height=\u00bb72px\u00bb][vc_single_image image=\u00bb461&#8243; img_size=\u00bb64&#215;53&#8243; alignment=\u00bbcenter\u00bb qode_css_animation=\u00bb\u00bb][vc_empty_space][vc_column_text]<\/p>\n<h3 style=\"text-align: center;\">Adopci\u00f3n y Escuela:<\/h3>\n<p>[\/vc_column_text][vc_empty_space][vc_column_text]Asesoramiento y acompa\u00f1amiento en esta etapa que a veces resulta complicada por las caracter\u00edsticas de la poblaci\u00f3n adoptiva y el desconocimiento del sistema educativo.[\/vc_column_text][\/vc_column_inner][\/vc_row_inner][\/vc_column][vc_column width=\u00bb1\/3&#8243;][vc_empty_space height=\u00bb52px\u00bb][vc_single_image image=\u00bb407&#8243; img_size=\u00bblarge\u00bb alignment=\u00bbcenter\u00bb qode_css_animation=\u00bb\u00bb][\/vc_column][\/vc_row]<\/p>\n","protected":false},"excerpt":{"rendered":"<p>[vc_row css_animation=\u00bb\u00bb row_type=\u00bbrow\u00bb use_row_as_full_screen_section=\u00bbno\u00bb type=\u00bbfull_width\u00bb angled_section=\u00bbno\u00bb text_align=\u00bbleft\u00bb background_image_as_pattern=\u00bbwithout_pattern\u00bb css=\u00bb.vc_custom_1574847956784{margin-top: 20px !important;margin-bottom: 20px !important;}\u00bb z_index=\u00bb\u00bb][vc_column width=\u00bb2\/3&#8243;][vc_row_inner row_type=\u00bbrow\u00bb type=\u00bbfull_width\u00bb text_align=\u00bbleft\u00bb css_animation=\u00bb\u00bb][vc_column_inner width=\u00bb1\/2&#8243;][vc_single_image image=\u00bb461&#8243; img_size=\u00bb64&#215;53&#8243; alignment=\u00bbcenter\u00bb qode_css_animation=\u00bb\u00bb][vc_empty_space][vc_column_text] Asesoramiento preadoptivo: [\/vc_column_text][vc_empty_space][vc_column_text]Toma de decisi\u00f3n de adoptar, proceso de preparaci\u00f3n, formaci\u00f3n y espera de la llegada del menor, el primer encuentro&#8230;<\/p>\n","protected":false},"author":1,"featured_media":0,"parent":0,"menu_order":0,"comment_status":"closed","ping_status":"closed","template":"","meta":{"footnotes":""},"class_list":["post-313","page","type-page","status-publish","hentry"],"aioseo_notices":[],"_links":{"self":[{"href":"https:\/\/centropsicologicolinde.com\/index.php\/wp-json\/wp\/v2\/pages\/313","targetHints":{"allow":["GET"]}}],"collection":[{"href":"https:\/\/centropsicologicolinde.com\/index.php\/wp-json\/wp\/v2\/pages"}],"about":[{"href":"https:\/\/centropsicologicolinde.com\/index.php\/wp-json\/wp\/v2\/types\/page"}],"author":[{"embeddable":true,"href":"https:\/\/centropsicologicolinde.com\/index.php\/wp-json\/wp\/v2\/users\/1"}],"replies":[{"embeddable":true,"href":"https:\/\/centropsicologicolinde.com\/index.php\/wp-json\/wp\/v2\/comments?post=313"}],"version-history":[{"count":21,"href":"https:\/\/centropsicologicolinde.com\/index.php\/wp-json\/wp\/v2\/pages\/313\/revisions"}],"predecessor-version":[{"id":463,"href":"https:\/\/centropsicologicolinde.com\/index.php\/wp-json\/wp\/v2\/pages\/313\/revisions\/463"}],"wp:attachment":[{"href":"https:\/\/centropsicologicolinde.com\/index.php\/wp-json\/wp\/v2\/media?parent=313"}],"curies":[{"name":"wp","href":"https:\/\/api.w.org\/{rel}","templated":true}]}}